{"id":11520,"date":"2023-12-12T16:52:46","date_gmt":"2023-12-12T15:52:46","guid":{"rendered":"https:\/\/sidler-sa.ch\/?page_id=11520"},"modified":"2023-12-12T17:23:58","modified_gmt":"2023-12-12T16:23:58","slug":"privacy-policy-lpd","status":"publish","type":"page","link":"https:\/\/sidler-sa.ch\/en\/privacy-policy-lpd","title":{"rendered":"Information on the processing of personal data for website users &#8211; LDP"},"content":{"rendered":"\t\t<div data-elementor-type=\"wp-page\" data-elementor-id=\"11520\" class=\"elementor elementor-11520 elementor-11519\">\n\t\t\t\t\t\t<section class=\"elementor-section elementor-top-section elementor-element elementor-element-fbb87c4 elementor-section-boxed elementor-section-height-default elementor-section-height-default\" data-id=\"fbb87c4\" data-element_type=\"section\" data-e-type=\"section\">\n\t\t\t\t\t\t<div class=\"elementor-container elementor-column-gap-default\">\n\t\t\t\t\t<div class=\"elementor-column elementor-col-100 elementor-top-column elementor-element elementor-element-9b2b3bc\" data-id=\"9b2b3bc\" data-element_type=\"column\" data-e-type=\"column\">\n\t\t\t<div class=\"elementor-widget-wrap elementor-element-populated\">\n\t\t\t\t\t\t<div class=\"elementor-element elementor-element-ac93db9 elementor-widget elementor-widget-text-editor\" data-id=\"ac93db9\" data-element_type=\"widget\" data-e-type=\"widget\" data-widget_type=\"text-editor.default\">\n\t\t\t\t<div class=\"elementor-widget-container\">\n\t\t\t\t\t\t\t\t\t<p><\/p><p>La sede della Societ\u00e0 Sidler Sa si trova all\u2019interno della Confederazione Elvetica e pertanto questa organizzazione \u00e8 soggetta in primo luogo alla Legge Federale sulla Protezione dei Dati (LPD) nella gestione dei dati personali, in particolare di persone residenti in Svizzera. Inoltre, il Regolamento generale sulla protezione dei dati (GDPR) dell\u2019UE funge da base giuridica per la gestione dei dati personali di cittadini dell\u2019Unione europea.<\/p><p>La presente informativa (Informativa) viene resa ai sensi dell\u2019art. 19 LPD, in relazione al trattamento dei dati personali degli utenti del sito internet di Sidler SA disponibile all\u2019indirizzo www.sidler-sa.ch (il Sito).<\/p><p>Questa informativa non si applica a siti, applicazioni e contenuti di terzi in genere, neppure se accessibili dal Sito. In questi casi potranno essere applicabili le disposizioni sulla protezione dei dati di tali terzi, che possono essere diverse dalle presenti e che Le consigliamo di consultare prima della comunicazione di qualsiasi dato.<\/p><p>Questa informativa non si applica ai candidati all\u2019instaurazione di un rapporto di lavoro in relazione agli annunci presenti sul Sito: i dati dei candidati saranno trattati secondo quanto descritto nell\u2019informativa consultabile accedendo alla sezione \u201cCandidatura Spontanea\u201d e alla procedura di invio del curriculum vitae online.<\/p><p><strong>1.\u00a0\u00a0\u00a0\u00a0\u00a0 Titolare del trattamento<\/strong><\/p><p>Ai fini di cui all\u2019Informativa, titolare del trattamento \u00e8 Sidler SA, con sede legale in Via Gaggiolo 27, 6855 Stabio CH, numero di iscrizione al registro delle imprese CHE-100.591.903 IVA (Titolare).<\/p><p>Il Titolare \u00e8 una societ\u00e0 attiva nel settore della selezione del personale.<\/p><p><strong>2.\u00a0\u00a0\u00a0\u00a0\u00a0 Definizioni e tipologia di dati raccolti<\/strong><\/p><p>Ai sensi della presente Informativa i seguenti termini hanno il seguente significato:<\/p><ul><li><strong>dati personali<\/strong>: sono tutte le informazioni che riguardano una persona fisica identificata o identificabile. Una persona \u00e8 identificabile se, ad esempio, pu\u00f2 essere individuata attraverso la combinazione con conoscenze ulteriori anche solo casualmente rinvenibili.<\/li><li><strong>interessato<\/strong>: \u00e8 qualsiasi persona fisica a cui appartengono i dati oggetto di trattamento.<\/li><li><strong>consenso<\/strong>: \u00e8 una dichiarazione di approvazione volontaria e legalmente vincolante.<\/li><li><strong>il trattamento dei dati personali<\/strong>: \u00e8 qualsiasi operazione che viene effettuata sui dati personali, in particolare la raccolta, la registrazione, l\u2019alterazione, il trasferimento, il blocco, la cancellazione e l\u2019uso dei dati.<\/li><li><strong>trasferimento di dati<\/strong>: \u00e8 la diffusione, la distribuzione o qualsiasi altra forma di divulgazione di dati a terzi. Ci\u00f2 comprende anche l\u2019ispezione o il recupero dei dati.<\/li><li><strong>anonimizzato<\/strong>: sta ad indicare il dato che \u00e8 stato reso anonimo in modo che l\u2019identificazione dell\u2019interessato non sia definitivamente pi\u00f9 possibile da parte di nessuno o che tale identificazione richiederebbe una quantit\u00e0 sproporzionata di tempo, spesa e impegno.<\/li><li><strong>violazione dei dati<\/strong>: indica qualsiasi violazione di sicurezza reale o presunta da cui consegue l\u2019accidentale distruzione, perdita, alterazione, divulgazione non autorizzata, o accesso a, dei dati personali trasmessi, registrati o altrimenti trattati.<\/li><\/ul><p>I suoi dati personali &#8211; raccolti attraverso l\u2019accesso al Sito o l\u2019eventuale invio di richieste all\u2019indirizzo dedicato &#8211; sono limitati a quelli necessari per la fruibilit\u00e0 del Sito da parte degli utenti dello stesso nonch\u00e9 a quelli necessari per rispondere ad eventuali richieste inoltrate dagli utenti (di seguito, nel complesso, i Dati).<\/p><p>I sistemi informatici e le procedure software utilizzate per il funzionamento del Sito acquisiscono, nel corso del loro normale esercizio, alcuni dati personali la cui trasmissione \u00e8 implicita nell\u2019uso della rete Internet, che risulta basata sul protocollo TCP\/IP.<\/p><p>Si tratta di informazioni che non sono raccolte per essere associate a interessati identificati, ma che per loro stessa natura potrebbero, attraverso elaborazioni ed associazioni con dati detenuti da terzi, permettere di identificare gli utenti navigatori.<\/p><p>In questa categoria di dati rientrano gli \u201cindirizzi IP\u201d o i nomi a dominio dei computer utilizzati dagli utenti che si connettono al sito, gli indirizzi in notazione URI (Uniform Resource Identifier) delle risorse richieste, l\u2019orario della richiesta, il metodo utilizzato nel sottoporre la richiesta al server web, la dimensione del file ottenuto in risposta, il codice numerico indicante lo stato della risposta data dal server web (buon fine, errore, ecc..) ed altri parametri relativi al sistema operativo ed all\u2019ambiente informatico dell\u2019utente che accede al sito.<\/p><p>Tali dati vengono utilizzati al solo fine di ricavare informazioni statistiche anonime sull\u2019uso del Sito e per controllare il corretto funzionamento del Sito in maniera tale da garantirne la fruibilit\u00e0 per gli utenti.<\/p><p><strong>3.\u00a0\u00a0\u00a0\u00a0\u00a0 Finalit\u00e0 e base giuridica del trattamento<\/strong><\/p><p>La base giuridica del trattamento dei Dati \u00e8 la soddisfazione di una richiesta da lei formulata.<\/p><p>I Dati saranno trattati esclusivamente per la finalit\u00e0 di dare riscontro ad eventuali richieste da lei formulate attraverso il Sito.<\/p><p>Il conferimento dei Dati per le finalit\u00e0 suindicate \u00e8 obbligatorio e necessario. L\u2019eventuale rifiuto, parziale o totale, a conferire i Dati comporter\u00e0 l\u2019impossibilit\u00e0, per il Titolare di dare riscontro alle richieste in relazione alle quali i Dati vengono raccolti.<\/p><p><strong>4.\u00a0\u00a0\u00a0\u00a0\u00a0 Modalit\u00e0 del trattamento<\/strong><\/p><p>I Dati saranno trattati da dipendenti e\/o collaboratori del Titolare, appositamente designati quali persone autorizzate al trattamento e responsabili esterni del trattamento, i cui rispettivi nominativi sono disponibili su richiesta al Titolare.<\/p><p>Il Titolare e i soggetti terzi di cui lo stesso si avvale procedono al trattamento dei Dati mediante elaborazioni manuali o strumenti elettronici o comunque automatizzati, secondo logiche strettamente correlate alle finalit\u00e0 stesse e comunque in modo da garantire la sicurezza e la riservatezza dei Dati stessi.<\/p><p>Per le finalit\u00e0 di cui alla presente Informativa, i suoi dati personali saranno trattati e conservati all\u2019interno della Confederazione Elvetica, ove il Titolare ha la propria sede e ove responsabili nominati dal Titolare hanno la propria sede.<\/p><p>In ogni caso, i suoi dati verranno trattati unicamente in Paesi che offrono un\u2019adeguata protezione, come anche l\u2019Unione Europea, secondo quanto stabilito dalla Decisione del 26 luglio 2000 dalla Commissione Europea, riguardante l&#8217;adeguatezza della protezione dei dati personali a norma della direttiva 95\/46\/CE.<\/p><p><strong>5.\u00a0\u00a0\u00a0\u00a0\u00a0 Comunicazione (destinatari) dei Dati<\/strong><\/p><p>I Dati potranno essere comunicati a terzi soltanto laddove necessario per dare un riscontro alle richieste di informazioni da lei inviate attraverso il Sito al Titolare.<\/p><p>I terzi destinatari dei Dati, titolari autonomi del trattamento o debitamente designati quali responsabili del trattamento, appartengono a categorie tra cui soggetti che svolgono, per conto o in favore del Titolare, i compiti di natura tecnica ed organizzativa o di assistenza professionale\/consulenza, in particolare i gestori delle infrastrutture software utilizzate dal Titolare.<\/p><p>L\u2019elenco completo dei responsabili del trattamento dei Dati \u00e8 custodito presso la sede del Titolare ed \u00e8 consultabile su richiesta da trasmettere ai recapiti indicati al successivo paragrafo 8.<\/p><p><strong>6.\u00a0\u00a0\u00a0\u00a0\u00a0 Diffusione dei Dati<\/strong><\/p><p>I suoi Dati non saranno diffusi.<\/p><p><strong>7.\u00a0\u00a0\u00a0\u00a0\u00a0 Periodo di conservazione dei Dati<\/strong><\/p><p>I Dati sono trattati per il solo tempo strettamente necessario a conseguire le finalit\u00e0 per cui sono stati raccolti e, in ogni caso, non oltre 24 (ventiquattro) mesi dal ricevimento di eventuali richieste. Qualora lo desideri, decorso questo periodo potr\u00e0 rinnovare il suo consenso al trattamento per ulteriori 24 mesi.<\/p><p><strong>8.\u00a0\u00a0\u00a0\u00a0\u00a0 Diritti dell\u2019interessato<\/strong><\/p><p>I soggetti cui si riferiscono i dati personali hanno il diritto, in qualunque momento di ottenere la conferma dell\u2019esistenza o meno dei medesimi dati e di conoscerne il contenuto, verificarne l\u2019esattezza o chiederne l\u2019integrazione o l\u2019aggiornamento, oppure la rettifica.<\/p><p>Si precisa inoltre quanto segue:<\/p><ul><li>\u00e8 possibile revocare il consenso al trattamento in qualsiasi momento.<\/li><\/ul><p>Occorre evidenziare, tuttavia, che la revoca del consenso non pregiudica la liceit\u00e0 del trattamento basata sul consenso prima della revoca;<\/p><ul><li>\u00e8 possibile chiedere al Titolare del trattamento l\u2019accesso ai dati personali;<\/li><li>\u00e8 possibile ottenere dal Titolare del trattamento la rettifica e l\u2019integrazione dei dati personali ritenuti inesatti, anche fornendo una semplice dichiarazione integrativa;<\/li><li>\u00e8 possibile ottenere dal Titolare del trattamento la cancellazione dei dati personali;<\/li><li>\u00e8 possibile ottenere dal Titolare del trattamento la limitazione del trattamento dei dati personali qualora ricorrano una delle ipotesi previste dalla normativa di riferimento;<\/li><li>\u00e8 possibile ricevere dal Titolare del trattamento i dati personali che La riguardano in un formato strutturato, di uso comune e leggibile da dispositivo automatico, nonch\u00e9 \u00e8 possibile che tali dati vengano trasmessi a un altro Titolare del trattamento senza impedimenti, cos\u00ec come previsto dalla normativa di riferimento;<\/li><li>\u00e8 possibile opporsi in qualsiasi momento, per motivi connessi alla Sua situazione particolare, al trattamento dei dati personali svolto, compresa la profilazione;<\/li><li>\u00e8 possibile proporre reclamo ad un\u2019autorit\u00e0 di controllo, qualora ritenga che il trattamento che la riguarda violi la normativa di riferimento. Il reclamo pu\u00f2 essere proposto nel Paese in cui risiede abitualmente, lavora oppure nel luogo ove si \u00e8 verificata la presunta violazione.<\/li><\/ul><p>Per esercitare ciascuno dei Suoi diritti, le richieste andranno trasmesse:<\/p><ul><li>via e-mail, all\u2019indirizzo: privacy@sidler-sa.ch; oppure<\/li><li>via posta all\u2019indirizzo: Via Gaggiolo 27, 6855 Stabio CH<\/li><\/ul><p>fornendo i seguenti dati:<\/p><ul><li>nome, cognome e indirizzo postale;<\/li><li>dettagli della richiesta;<\/li><li>copia leggibile di un documento di identit\u00e0 in corso di validit\u00e0.<\/li><\/ul><p><strong>9.\u00a0\u00a0\u00a0\u00a0\u00a0 Cookie e link ad altri siti<\/strong><\/p><p>L\u2019informativa relativa ai cookie utilizzati \u00e8 disponibile all\u2019interno del Sito.<\/p><p>Il Sito include inoltre i link di altre societ\u00e0. Il Titolare non assume alcuna responsabilit\u00e0 per il contenuto dei siti esterni collegati al Sito, l\u2019accesso ai quali \u00e8 fornito come mera informativa agli utenti senza che ci\u00f2 implichi approvazione n\u00e9 alcuna forma di controllo dei siti stessi.<\/p><p><\/p>\t\t\t\t\t\t\t\t<\/div>\n\t\t\t\t<\/div>\n\t\t\t\t\t<\/div>\n\t\t<\/div>\n\t\t\t\t\t<\/div>\n\t\t<\/section>\n\t\t\t\t<\/div>\n\t\t","protected":false},"excerpt":{"rendered":"<p>La sede della Societ\u00e0 Sidler Sa si trova all\u2019interno della Confederazione Elvetica e pertanto questa organizzazione \u00e8 soggetta in primo&#8230;<\/p>\n","protected":false},"author":1,"featured_media":0,"parent":0,"menu_order":8,"comment_status":"closed","ping_status":"closed","template":"","meta":{"footnotes":""},"class_list":["post-11520","page","type-page","status-publish","hentry","no-post-thumbnail","pt-10"],"jetpack_sharing_enabled":true,"_links":{"self":[{"href":"https:\/\/sidler-sa.ch\/en\/wp-json\/wp\/v2\/pages\/11520","targetHints":{"allow":["GET"]}}],"collection":[{"href":"https:\/\/sidler-sa.ch\/en\/wp-json\/wp\/v2\/pages"}],"about":[{"href":"https:\/\/sidler-sa.ch\/en\/wp-json\/wp\/v2\/types\/page"}],"author":[{"embeddable":true,"href":"https:\/\/sidler-sa.ch\/en\/wp-json\/wp\/v2\/users\/1"}],"replies":[{"embeddable":true,"href":"https:\/\/sidler-sa.ch\/en\/wp-json\/wp\/v2\/comments?post=11520"}],"version-history":[{"count":4,"href":"https:\/\/sidler-sa.ch\/en\/wp-json\/wp\/v2\/pages\/11520\/revisions"}],"predecessor-version":[{"id":11573,"href":"https:\/\/sidler-sa.ch\/en\/wp-json\/wp\/v2\/pages\/11520\/revisions\/11573"}],"wp:attachment":[{"href":"https:\/\/sidler-sa.ch\/en\/wp-json\/wp\/v2\/media?parent=11520"}],"curies":[{"name":"wp","href":"https:\/\/api.w.org\/{rel}","templated":true}]}}

<div data-elementor-type="wp-page" data-elementor-id="11520" class="elementor elementor-11520 elementor-11519">
						<section class="elementor-section elementor-top-section elementor-element elementor-element-fbb87c4 elementor-section-boxed elementor-section-height-default elementor-section-height-default" data-id="fbb87c4" data-element_type="section" data-e-type="section">
						<div class="elementor-container elementor-column-gap-default">
					<div class="elementor-column elementor-col-100 elementor-top-column elementor-element elementor-element-9b2b3bc" data-id="9b2b3bc" data-element_type="column" data-e-type="column">
			<div class="elementor-widget-wrap elementor-element-populated">
						<div class="elementor-element elementor-element-ac93db9 elementor-widget elementor-widget-text-editor" data-id="ac93db9" data-element_type="widget" data-e-type="widget" data-widget_type="text-editor.default">
				<div class="elementor-widget-container">
									<p></p><p>La sede della Società Sidler Sa si trova all’interno della Confederazione Elvetica e pertanto questa organizzazione è soggetta in primo luogo alla Legge Federale sulla Protezione dei Dati (LPD) nella gestione dei dati personali, in particolare di persone residenti in Svizzera. Inoltre, il Regolamento generale sulla protezione dei dati (GDPR) dell’UE funge da base giuridica per la gestione dei dati personali di cittadini dell’Unione europea.</p><p>La presente informativa (Informativa) viene resa ai sensi dell’art. 19 LPD, in relazione al trattamento dei dati personali degli utenti del sito internet di Sidler SA disponibile all’indirizzo www.sidler-sa.ch (il Sito).</p><p>Questa informativa non si applica a siti, applicazioni e contenuti di terzi in genere, neppure se accessibili dal Sito. In questi casi potranno essere applicabili le disposizioni sulla protezione dei dati di tali terzi, che possono essere diverse dalle presenti e che Le consigliamo di consultare prima della comunicazione di qualsiasi dato.</p><p>Questa informativa non si applica ai candidati all’instaurazione di un rapporto di lavoro in relazione agli annunci presenti sul Sito: i dati dei candidati saranno trattati secondo quanto descritto nell’informativa consultabile accedendo alla sezione “Candidatura Spontanea” e alla procedura di invio del curriculum vitae online.</p><p><strong>1.      Titolare del trattamento</strong></p><p>Ai fini di cui all’Informativa, titolare del trattamento è Sidler SA, con sede legale in Via Gaggiolo 27, 6855 Stabio CH, numero di iscrizione al registro delle imprese CHE-100.591.903 IVA (Titolare).</p><p>Il Titolare è una società attiva nel settore della selezione del personale.</p><p><strong>2.      Definizioni e tipologia di dati raccolti</strong></p><p>Ai sensi della presente Informativa i seguenti termini hanno il seguente significato:</p><ul><li><strong>dati personali</strong>: sono tutte le informazioni che riguardano una persona fisica identificata o identificabile. Una persona è identificabile se, ad esempio, può essere individuata attraverso la combinazione con conoscenze ulteriori anche solo casualmente rinvenibili.</li><li><strong>interessato</strong>: è qualsiasi persona fisica a cui appartengono i dati oggetto di trattamento.</li><li><strong>consenso</strong>: è una dichiarazione di approvazione volontaria e legalmente vincolante.</li><li><strong>il trattamento dei dati personali</strong>: è qualsiasi operazione che viene effettuata sui dati personali, in particolare la raccolta, la registrazione, l’alterazione, il trasferimento, il blocco, la cancellazione e l’uso dei dati.</li><li><strong>trasferimento di dati</strong>: è la diffusione, la distribuzione o qualsiasi altra forma di divulgazione di dati a terzi. Ciò comprende anche l’ispezione o il recupero dei dati.</li><li><strong>anonimizzato</strong>: sta ad indicare il dato che è stato reso anonimo in modo che l’identificazione dell’interessato non sia definitivamente più possibile da parte di nessuno o che tale identificazione richiederebbe una quantità sproporzionata di tempo, spesa e impegno.</li><li><strong>violazione dei dati</strong>: indica qualsiasi violazione di sicurezza reale o presunta da cui consegue l’accidentale distruzione, perdita, alterazione, divulgazione non autorizzata, o accesso a, dei dati personali trasmessi, registrati o altrimenti trattati.</li></ul><p>I suoi dati personali &#8211; raccolti attraverso l’accesso al Sito o l’eventuale invio di richieste all’indirizzo dedicato &#8211; sono limitati a quelli necessari per la fruibilità del Sito da parte degli utenti dello stesso nonché a quelli necessari per rispondere ad eventuali richieste inoltrate dagli utenti (di seguito, nel complesso, i Dati).</p><p>I sistemi informatici e le procedure software utilizzate per il funzionamento del Sito acquisiscono, nel corso del loro normale esercizio, alcuni dati personali la cui trasmissione è implicita nell’uso della rete Internet, che risulta basata sul protocollo TCP/IP.</p><p>Si tratta di informazioni che non sono raccolte per essere associate a interessati identificati, ma che per loro stessa natura potrebbero, attraverso elaborazioni ed associazioni con dati detenuti da terzi, permettere di identificare gli utenti navigatori.</p><p>In questa categoria di dati rientrano gli “indirizzi IP” o i nomi a dominio dei computer utilizzati dagli utenti che si connettono al sito, gli indirizzi in notazione URI (Uniform Resource Identifier) delle risorse richieste, l’orario della richiesta, il metodo utilizzato nel sottoporre la richiesta al server web, la dimensione del file ottenuto in risposta, il codice numerico indicante lo stato della risposta data dal server web (buon fine, errore, ecc..) ed altri parametri relativi al sistema operativo ed all’ambiente informatico dell’utente che accede al sito.</p><p>Tali dati vengono utilizzati al solo fine di ricavare informazioni statistiche anonime sull’uso del Sito e per controllare il corretto funzionamento del Sito in maniera tale da garantirne la fruibilità per gli utenti.</p><p><strong>3.      Finalità e base giuridica del trattamento</strong></p><p>La base giuridica del trattamento dei Dati è la soddisfazione di una richiesta da lei formulata.</p><p>I Dati saranno trattati esclusivamente per la finalità di dare riscontro ad eventuali richieste da lei formulate attraverso il Sito.</p><p>Il conferimento dei Dati per le finalità suindicate è obbligatorio e necessario. L’eventuale rifiuto, parziale o totale, a conferire i Dati comporterà l’impossibilità, per il Titolare di dare riscontro alle richieste in relazione alle quali i Dati vengono raccolti.</p><p><strong>4.      Modalità del trattamento</strong></p><p>I Dati saranno trattati da dipendenti e/o collaboratori del Titolare, appositamente designati quali persone autorizzate al trattamento e responsabili esterni del trattamento, i cui rispettivi nominativi sono disponibili su richiesta al Titolare.</p><p>Il Titolare e i soggetti terzi di cui lo stesso si avvale procedono al trattamento dei Dati mediante elaborazioni manuali o strumenti elettronici o comunque automatizzati, secondo logiche strettamente correlate alle finalità stesse e comunque in modo da garantire la sicurezza e la riservatezza dei Dati stessi.</p><p>Per le finalità di cui alla presente Informativa, i suoi dati personali saranno trattati e conservati all’interno della Confederazione Elvetica, ove il Titolare ha la propria sede e ove responsabili nominati dal Titolare hanno la propria sede.</p><p>In ogni caso, i suoi dati verranno trattati unicamente in Paesi che offrono un’adeguata protezione, come anche l’Unione Europea, secondo quanto stabilito dalla Decisione del 26 luglio 2000 dalla Commissione Europea, riguardante l&#8217;adeguatezza della protezione dei dati personali a norma della direttiva 95/46/CE.</p><p><strong>5.      Comunicazione (destinatari) dei Dati</strong></p><p>I Dati potranno essere comunicati a terzi soltanto laddove necessario per dare un riscontro alle richieste di informazioni da lei inviate attraverso il Sito al Titolare.</p><p>I terzi destinatari dei Dati, titolari autonomi del trattamento o debitamente designati quali responsabili del trattamento, appartengono a categorie tra cui soggetti che svolgono, per conto o in favore del Titolare, i compiti di natura tecnica ed organizzativa o di assistenza professionale/consulenza, in particolare i gestori delle infrastrutture software utilizzate dal Titolare.</p><p>L’elenco completo dei responsabili del trattamento dei Dati è custodito presso la sede del Titolare ed è consultabile su richiesta da trasmettere ai recapiti indicati al successivo paragrafo 8.</p><p><strong>6.      Diffusione dei Dati</strong></p><p>I suoi Dati non saranno diffusi.</p><p><strong>7.      Periodo di conservazione dei Dati</strong></p><p>I Dati sono trattati per il solo tempo strettamente necessario a conseguire le finalità per cui sono stati raccolti e, in ogni caso, non oltre 24 (ventiquattro) mesi dal ricevimento di eventuali richieste. Qualora lo desideri, decorso questo periodo potrà rinnovare il suo consenso al trattamento per ulteriori 24 mesi.</p><p><strong>8.      Diritti dell’interessato</strong></p><p>I soggetti cui si riferiscono i dati personali hanno il diritto, in qualunque momento di ottenere la conferma dell’esistenza o meno dei medesimi dati e di conoscerne il contenuto, verificarne l’esattezza o chiederne l’integrazione o l’aggiornamento, oppure la rettifica.</p><p>Si precisa inoltre quanto segue:</p><ul><li>è possibile revocare il consenso al trattamento in qualsiasi momento.</li></ul><p>Occorre evidenziare, tuttavia, che la revoca del consenso non pregiudica la liceità del trattamento basata sul consenso prima della revoca;</p><ul><li>è possibile chiedere al Titolare del trattamento l’accesso ai dati personali;</li><li>è possibile ottenere dal Titolare del trattamento la rettifica e l’integrazione dei dati personali ritenuti inesatti, anche fornendo una semplice dichiarazione integrativa;</li><li>è possibile ottenere dal Titolare del trattamento la cancellazione dei dati personali;</li><li>è possibile ottenere dal Titolare del trattamento la limitazione del trattamento dei dati personali qualora ricorrano una delle ipotesi previste dalla normativa di riferimento;</li><li>è possibile ricevere dal Titolare del trattamento i dati personali che La riguardano in un formato strutturato, di uso comune e leggibile da dispositivo automatico, nonché è possibile che tali dati vengano trasmessi a un altro Titolare del trattamento senza impedimenti, così come previsto dalla normativa di riferimento;</li><li>è possibile opporsi in qualsiasi momento, per motivi connessi alla Sua situazione particolare, al trattamento dei dati personali svolto, compresa la profilazione;</li><li>è possibile proporre reclamo ad un’autorità di controllo, qualora ritenga che il trattamento che la riguarda violi la normativa di riferimento. Il reclamo può essere proposto nel Paese in cui risiede abitualmente, lavora oppure nel luogo ove si è verificata la presunta violazione.</li></ul><p>Per esercitare ciascuno dei Suoi diritti, le richieste andranno trasmesse:</p><ul><li>via e-mail, all’indirizzo: privacy@sidler-sa.ch; oppure</li><li>via posta all’indirizzo: Via Gaggiolo 27, 6855 Stabio CH</li></ul><p>fornendo i seguenti dati:</p><ul><li>nome, cognome e indirizzo postale;</li><li>dettagli della richiesta;</li><li>copia leggibile di un documento di identità in corso di validità.</li></ul><p><strong>9.      Cookie e link ad altri siti</strong></p><p>L’informativa relativa ai cookie utilizzati è disponibile all’interno del Sito.</p><p>Il Sito include inoltre i link di altre società. Il Titolare non assume alcuna responsabilità per il contenuto dei siti esterni collegati al Sito, l’accesso ai quali è fornito come mera informativa agli utenti senza che ciò implichi approvazione né alcuna forma di controllo dei siti stessi.</p><p></p>								</div>
				</div>
					</div>
		</div>
					</div>
		</section>
				</div>

<p>La sede della Società Sidler Sa si trova all’interno della Confederazione Elvetica e pertanto questa organizzazione è soggetta in primo&#8230;</p>
